ainder when ((-2 - 2) + i)/(-1) is divided by 2.
1
Suppose 2*p - 95 = p. Let a = 166 + -60. Let s = a + -74. What is the remainder when p is divided by s?
31
Let j(f) = -12*f - 13. Let v be 1*(4 + -6)*2. What is the remainder when j(v) is divided by 19?
16
Let u be -3 + 3*(-2)/(-3). Calculate the remainder when 93 is divided by (5 + u)/(12/48).
13
Let k(h) = 53*h + 595. What is the remainder when k(-6) is divided by 88?
13
Let m = -401 + 435. Calculate the remainder when 101 is divided by m.
33
Calculate the remainder when 0 - -105*2/3 is divided by 19.
13
Let o = -27 + 37. Suppose -9*j - o + 289 = 0. Calculate the remainder when 60 is divided by j.
29
Suppose 0 = -2*c - 7 - 5. What is the remainder when ((-3)/c)/((-2)/(-240)) is divided by 21?
18
Let x be (-1 + 10)*(-20)/(-12). Suppose -29 = -2*r + x. Let d(o) = -o**2 + 52*o - 533. Calculate the remainder when d(32) is divided by r.
19
Suppose -50 = -4*z + 82. Suppose -p + 9 = 2*p. Suppose -4*g + 96 = -p*g. What is the remainder when g is divided by z?
30
Let k = -12404 - -12435. What is the remainder when 214 - -1*(1 - 0) is divided by k?
29
Let z(h) = 4*h - 15. Let n be z(5). Suppose 4*i + 44 = 4*b, 0 = -5*b - n*i + 3 + 2. Calculate the remainder when 28 is divided by b*((-4)/8 + 3).
13
Let o = 179 - 164. Calculate the remainder when 822 is divided by o.
12
Let d = 321 - 297. Calculate the remainder when d is divided by 6.
0
Calculate the remainder when 125 is divided by 0 - (-2)/(-3)*(2 - 26).
13
Suppose 4*v - 4*u - 116 = 0, 0*v = -4*v + u + 113. Suppose 0 = -3*o + 29*k - 24*k + 43, 0 = 2*o - 2*k - 22. Calculate the remainder when v is divided by o.
4
Let t = 58 + 180. What is the remainder when t is divided by 48?
46
Let y = 28 - 12. Suppose -491*i = -493*i + 94. Calculate the remainder when i is divided by y.
15
What is the remainder when (-10)/(-4)*(-2842)/(-145) is divided by 13?
10
Let x(l) = -32*l**3 - 2*l**2 + 50*l + 95. What is the remainder when x(-2) is divided by 35?
33
Suppose -17 = -d - 18. What is the remainder when (0 - -2)/(d/(-15)) is divided by 6?
0
Let s(x) = -47*x - 33. What is the remainder when 180 is divided by s(-1)?
12
Suppose -5*h - 302 = 48. Let f = h + 111. Suppose -f = -5*g + 4. What is the remainder when g is divided by 4?
1
Suppose 237 = 21*h - 960. What is the remainder when h is divided by 32?
25
Let b(n) = 9*n - 2. Suppose 0*d - 25 = -5*d. Let g(y) = y - 1. Let r be g(d). Calculate the remainder when b(r) is divided by 9.
7
Suppose -o = 2*t - 1148, -4*t + 9*t - 2844 = 4*o. Calculate the remainder when t is divided by 25.
22
Let q(o) = -31*o**3 - 2*o**2 - 2*o - 1. Suppose -3*g = 4*k - 352, 345 = 31*g - 28*g - 3*k. Calculate the remainder when g is divided by q(-1).
26
Let o(h) = 2*h**2 - 17*h - 42. Let s(c) = c + 2. Let y be s(0). Suppose y*k + 0 = 100. Calculate the remainder when k is divided by o(11).
11
Let a = -25 + 42. Suppose -w + a = -20. Calculate the remainder when w is divided by 4.
1
Let w(f) = -f**3 + 4*f**2 + 15*f - 30. Calculate the remainder when 163 is divided by w(3).
19
Suppose -2*d = -2*w - 902, 4*w = -d + 19 + 407. Calculate the remainder when d is divided by 15.
11
What is the remainder when 185 is divided by (8/(-5))/((-40)/1600)?
57
Suppose 1184 = 23*g - 472. What is the remainder when g is divided by 24 - (2/(-2) - 0)?
22
Let m = 7 + -7. Suppose z + 0*z - 14 = m. Let h = -12 + z. Calculate the remainder when h is divided by 2.
0
Let u be 0*(1 + 0)*1. Suppose u = 8*o + 12 + 84. What is the remainder when ((-39)/2)/(o/16) is divided by 14?
12
Suppose b + 164 = 184. Suppose -836 = 9*a - b*a. Let r = 5 + 21. Calculate the remainder when a is divided by r.
24
Let z(k) = 45*k - 2. Let c(w) = w**2 + 11*w - 1. Let t be c(-11). Let i be z(t). Let q = i - -68. Calculate the remainder when 61 is divided by q.
19
Let a(n) = -5*n + 4. Let p be (0 + 3)*2/(-2). What is the remainder when (1 + -9)*(-1 - 6) is divided by a(p)?
18
Suppose -2*f + 647 = -3*j, -f + 100 = -5*j - 241. What is the remainder when f is divided by 53?
51
Suppose 0 = -5*n + 2*r + 10175, 3*n + 16*r - 6096 = 19*r. What is the remainder when n is divided by 136?
133
Suppose q + 2*q = k + 158, 214 = 4*q - 3*k. What is the remainder when -3 - (620/(-2) + (-6 + 4 - 2)) is divided by q?
51
Let k(d) = d. Let n be k(5). Suppose -3*l + n*f = 29, -2*l - 5*f = 3*l - 5. What is the remainder when 4 is divided by (1 - 9/l) + -2?
0
Let n be ((-1)/(-2)*20)/(-1). Let l = n + 19. Calculate the remainder when ((-4)/(-6))/((-14)/(-357)) is divided by l.
8
Let x = 0 - 6. Let o = x + 12. Suppose 8 = -v + 2*h, 1 = -4*v + 4*h - 11. What is the remainder when o is divided by v?
0
What is the remainder when 57 is divided by (-117)/(-36) + 8/(-32)?
0
Suppose 3*l + 237 = 4*l. Let c = l - 162. Calculate the remainder when c is divided by 38.
37
Calculate the remainder when 2/(-3)*(-472 - 50) is divided by 25.
23
Suppose 4*n - 7*n + 21 = 0. Let y = -10 - -22. Let v = 46 - y. Calculate the remainder when v is divided by n.
6
Let m = -13 - -15. Suppose -2*g + 90 = -m*d + 34, -3*g = -4*d - 88. What is the remainder when g is divided by 13?
11
Let h(w) = 16*w**2 - 6*w + 2. What is the remainder when h(2) is divided by 14?
12
Let q(l) be the first derivative of 2*l**2 + 3*l - 10. Calculate the remainder when 106 is divided by q(6).
25
Let n be 12/(-3)*-78 + -1 + 4. Suppose 3*u + 4*u - n = 0. What is the remainder when u is divided by 10?
5
Let v(g) be the first derivative of g**4/12 - g**3/3 - 4*g**2 - 8. Let m(d) be the second derivative of v(d). What is the remainder when 9 is divided by m(4)?
3
Let o = 9 + -13. Suppose -503 = -3*b - 482. Let w = b + o. Calculate the remainder when 3 is divided by w.
0
Let x = -65 + 63. What is the remainder when 12 is divided by x/10 - 287/(-35)?
4
Calculate the remainder when (-21 - 192)*(1 - 2) is divided by 9.
6
Calculate the remainder when (6 + -3)/(27/1611) is divided by 46.
41
Calculate the remainder when (-1211)/(-13) + (-4)/26 is divided by 34.
25
Suppose 4*o - 4*l - 92 = 0, -2*o + 2*l - 5*l + 36 = 0. Let i = -25 + o. Let a = 0 - i. What is the remainder when a is divided by 3?
1
Suppose 0*o = -3*o + 5*h + 47, -69 = -5*o - h. Calculate the remainder when 89 is divided by o.
5
Let w(v) = -18*v**3 - 4*v**2 + 2. Let i(g) = -3*g - 3. Calculate the remainder when w(-1) is divided by i(-3).
4
Let l(d) = -d**3 + 4*d**2 - 3*d - 3. Let j be l(3). Let t = j - -50. What is the remainder when t is divided by 12?
11
Let y(d) be the second derivative of -d**4/12 + 3*d**3/2 + 7*d**2/2 + 3*d. Suppose l + 1 = -r + 6, 2*r = 0. Calculate the remainder when 107 is divided by y(l).
26
Suppose 0 = m - 3*m - 2, -4*z = 3*m - 225. Calculate the remainder when z is divided by 20.
17
Let x(l) = -l**3 + 11*l**2 + 13*l - 28. Calculate the remainder when x(11) is divided by 21.
10
Suppose -5*d + 111 = -69. Suppose 5*a - 2*o = 50, 0 = -3*o - 33 + 18. What is the remainder when d is divided by a?
4
Let q be 5/5*1 - -2. Let k(g) = 2*g**2 - 4*g + 5. Calculate the remainder when 30 is divided by k(q).
8
Let i(d) = -d**2 + 29*d - 153. Calculate the remainder when 223 is divided by i(14).
52
Let h(x) = x**2 - 13*x + 18. Let z = 57 - 391. Let r be z/(-26) + 2/13. Calculate the remainder when h(r) is divided by 10.
8
Suppose -4*j + 421 = 337. Calculate the remainder when 78 is divided by j.
15
Let p = -3 + 8. Suppose -d + 2*g - g = 16, 3*d + 52 = p*g. Let i = d + 19. Calculate the remainder when 7 is divided by i.
2
Let s(a) = 41*a**2 + 3*a - 19. Calculate the remainder when s(3) is divided by 116.
11
Suppose -z - 76 = -y, -z + 161 = 2*y - 6*z. Calculate the remainder when 145 is divided by y.
72
Let d = -23 - -46. Suppose d - 109 = -2*b. Calculate the remainder when b is divided by 11.
10
Let n(t) = -t**3 - 2*t**2 + 6*t - 4. Let u be n(-5). Let b = -37 + u. Suppose -4*a = -r + 6*r - 3, -a - 6 = -r. What is the remainder when b is divided by r?
1
Calculate the remainder when 2104 is divided by 6/(-8) - ((-1701)/28 + 6).
52
Let h be (2 + (-108)/(-8))*2. Let p = 38 - h. What is the remainder when 25 is divided by p?
4
Let u = -526 + 885. Calculate the remainder when u is divided by 9.
8
Suppose 0 = 12*t + 12*t - 576. Calculate the remainder when 95 is divided by t.
23
Let b = 16 + -12. Suppose -b*c - 1